 factor of 36 and a?
9
Suppose 0 = r - 0*r + 4*h - 26, -h + 24 = 2*r. Calculate the greatest common divisor of 15 and r.
5
Let b = -107 + 162. What is the greatest common divisor of 5 and b?
5
Let v be (898/3)/(2/3). Let h = v - 287. Suppose -z + 3*z = h. What is the greatest common divisor of 9 and z?
9
Let b = 44 - 17. What is the greatest common divisor of b and 135?
27
Let f(a) = a**2 + 13*a - a**2 - 13 - a**2. Let k be f(11). Suppose -2*m + 6 = -0*m. What is the highest common divisor of k and m?
3
Suppose 2*o + 19 = 5*v, 4*v - 3 = 5*o + 2. Let k(c) = c**3 + 5*c**2 - 2. Let h be k(-4). Let u = -5 + h. What is the highest common divisor of o and u?
3
Let a(d) = 5*d**2 + 2*d + 2 - d + 5 + d**3. Let k = -3 - 2. Let x be a(k). What is the highest common factor of x and 2?
2
Let n be (-8)/((4/6)/(-1)). Let r = 22 - n. Suppose 5*g = 5*f + 230, 5*f - 9 = g - 39. Calculate the greatest common divisor of g and r.
10
Suppose -2*l + 94 = -50. Calculate the highest common factor of l and 24.
24
Let v be (-54)/135 - (-1194)/10. Calculate the highest common divisor of 17 and v.
17
Let s = -21 - -31. What is the greatest common factor of s and 20?
10
Let m(b) = b**3 + 10*b**2 + 2*b - 5. Let v be m(-7). Suppose -5*s - 4*i = 19 - 170, -v = -4*s - 5*i. Calculate the greatest common factor of 18 and s.
9
Let h(a) = a**2 + 5*a + 10. Let g be h(-3). What is the highest common factor of 44 and g?
4
Suppose -o + k - 7 = -4*o, 5*o + 2*k = 11. What is the highest common factor of 33 and o?
3
Let n = -53 - -33. Suppose 0*q - 2*q = -56. Let v = q + n. Calculate the highest common factor of 12 and v.
4
Suppose 3*a = -2*x + 14 + 11, 2*x = -4*a + 30. Calculate the highest common factor of a and 10.
5
Suppose 0 = 5*d + k - 91 + 9, d - k = 14. Suppose -4*v = d, 8*n + 3*v = 3*n - 162. Let u be n*((-2)/6 - 0). Calculate the greatest common divisor of 70 and u.
10
Let s(k) = -k**2 + 6*k + 28. Let b be s(9). Calculate the greatest common divisor of 25 and b.
1
Suppose -3*p + g = -254, -5*g = -2*p - 0*g + 178. Let j be p/10 - 3/(-5). Calculate the highest common factor of 9 and j.
9
Let y = -1 + 1. Suppose 2*r - 2*z = 10, 3*r + y*r + 3*z - 33 = 0. Let j(h) = 2*h + 4. Let t be j(0). What is the highest common divisor of r and t?
4
Suppose 4*p - 5 = 15. Suppose -r - p*q = -4, 5*r = -5*q + 45 + 55. Calculate the greatest common factor of r and 12.
12
Let d(g) = -g**3 + 4*g**2 + 4*g + 5. Let l be d(5). Let p(n) = n + n + n + l. Let t be p(5). Calculate the highest common divisor of t and 6.
3
Let g(h) = h**3 - 5*h**2 - 4. Let v be g(6). Calculate the highest common divisor of v and 8.
8
Let q(l) = -l**2 - 8*l + 10. Let c be q(-7). What is the greatest common divisor of c and 187?
17
Let p be (-2)/8 - 23/4. Let z(f) = -f**2 - 6*f + 8. Let l be z(p). Calculate the highest common divisor of l and 48.
8
Let v(j) = 2*j**3 + 23*j**2 + 10*j - 4. Let r be v(-11). What is the greatest common divisor of 7 and r?
7
Suppose 2*g + 85 = 3*w - 57, 3*g - 51 = -w. Let l be 99/6*w/9. Suppose h - 3 = -0*h, 46 = 5*z + 2*h. Calculate the highest common divisor of l and z.
8
Let o be (39 + 1)*2/4. Let a be 24/(-16)*16/6. Let n(h) = -14*h - 6. Let u be n(a). Calculate the greatest common factor of o and u.
10
Suppose 0*u - 5*c = -2*u + 19, -3*c = -4*u + 45. Let j(r) = 12*r. Let d be j(7). Calculate the greatest common factor of d and u.
12
Suppose -4*n = -31 - 17. Calculate the greatest common factor of 48 and n.
12
Let t(r) = -r**2 - 7*r + 8. Let j be t(-8). Suppose j = 2*d - 7*d - 135. Let s = 45 + d. What is the greatest common divisor of 162 and s?
18
Let k(v) = 4*v**2 - v + 1. Let r be k(-1). Let x be r + -9 + (8 - 1). What is the greatest common factor of 10 and x?
2
Let t(l) = 5*l - 25. Let p(k) = 2*k - 8. Let m(f) = 7*p(f) - 2*t(f). Let c = 6 + -1. Let h be m(c). What is the greatest common factor of h and 154?
14
Let m be ((-48)/(-56))/((-1)/(-7)). What is the greatest common factor of 3 and m?
3
Suppose -5*q = -91 + 31. Let a = -6 + q. Let o(i) = i - 1. Let y be o(3). Calculate the highest common divisor of y and a.
2
Suppose 4*x - x - 9 = 0. Suppose -7*z + x*z = 0. Suppose 107 = k + 2*k - f, z = -2*k - f + 68. Calculate the greatest common divisor of k and 5.
5
Suppose 4*p + 4 = -0. Let w be 480/6 + (0 - p). Suppose -5*d = 4*a - 65, -5*d + a + 35 + 5 = 0. What is the highest common factor of d and w?
9
Let p = -78 + 147. Suppose 5*a = 4*y + p, -y = 5*a - 42 - 22. Calculate the highest common factor of 104 and a.
13
Suppose 6*t + t - 84 = 0. Calculate the greatest common factor of 6 and t.
6
Let i = -130 + 134. Let n(g) = -19*g + 1. Suppose z - 2*z = 1. Let y be n(z). What is the highest common divisor of y and i?
4
Suppose 153 = 6*p - 159. What is the highest common factor of 13 and p?
13
Let g = -7 - -4. Let p = g + 0. Let n be 2 - (-2 - (p + 2)). What is the highest common divisor of 3 and n?
3
Let y be (-2)/6 - 2/3. Let u(v) = v**2 + 17*v + 1. Let f be u(-16). Let w = y - f. What is the highest common divisor of 70 and w?
14
Let i = 12 - 9. What is the greatest common factor of i and 15?
3
Let m be 11/(((-2)/(-6))/(5/15)). Let s(c) = -c**3 - 6*c**2 + 2. Let d be s(-6). Suppose 2 = -0*a + d*a. Calculate the highest common divisor of m and a.
1
Suppose -4*i - i = 3*s - 85, -4*i + 5*s + 68 = 0. Suppose o = i + 11. Calculate the highest common divisor of 140 and o.
28
Let l be (2 - 2) + 1 + 4. Let j(s) = 13*s + 1. Let o be j(l). Calculate the highest common factor of o and 6.
6
Suppose f - y = 12, 48 = 3*f - 13*y + 14*y. Calculate the highest common factor of 15 and f.
15
Let t(j) be the third derivative of -j**4/24 + j**3/2 - 8*j**2. Let d be t(-7). Calculate the greatest common divisor of d and 40.
10
Let m(d) = 2*d - 9. Let n be m(5). Calculate the highest common factor of n and 4.
1
Suppose 6 = -5*o + 7*o. Suppose -4*x = 20, -2*i + 4*i - 135 = -o*x. Calculate the greatest common divisor of 15 and i.
15
Let b be 2/(-4)*0 + 4. Calculate the greatest common divisor of b and 36.
4
Let h = 15 - -5. Calculate the highest common factor of h and 10.
10
Suppose -u + 75 = h, 2*u = 5*h - 42 + 192. What is the greatest common factor of 30 and u?
15
Let u(a) = -4*a + 22. Let h be u(2). What is the highest common divisor of h and 126?
14
Suppose 7 = -3*y - 5, 0 = s - 4*y - 8. Let k be (-3 - s) + (-1)/1. Let x be k/(-12) + (-332)/(-6). What is the greatest common factor of x and 5?
5
Suppose p + 72 = 3*p. Let u(y) = y**2 + 11*y + 14. Let z be u(-10). What is the highest common divisor of z and p?
4
Let m be 29/2*(8 - 6). What is the greatest common factor of 87 and m?
29
Let l be 65/25 - (-3)/(-5). Suppose -4*r - 4*y + 3*y + 284 = 0, 148 = l*r + 2*y. Calculate the greatest common factor of 10 and r.
10
Let f(q) = q**3 + 9*q**2 + q + 17. Let d be f(-9). Calculate the highest common divisor of 24 and d.
8
Let v = -94 + 106. Suppose y - 1 + 3 = 0. Let n be (-23 - 1)*4/y. Calculate the greatest common divisor of v and n.
12
Let f = 139 - 43. What is the greatest common divisor of 12 and f?
12
Let g(d) = d**2 + 13*d + 26. Let c be g(-22). Calculate the greatest common factor of c and 32.
32
Let n = -44 - -72. What is the greatest common factor of 8 and n?
4
Suppose -2*o = -o - 32. Calculate the highest common factor of 8 and o.
8
Let m be 11/2 - 6/12. Suppose -3*i + 2*x + 84 = -i, 0 = -m*i - x + 198. What is the highest common divisor of 8 and i?
8
Suppose f + 75 = 5*a, 6*a = 3*a - f + 53. Suppose 34 + 33 = k. Suppose -3*y + k = -5. Calculate the highest common factor of y and a.
8
Suppose -23 = -3*u - 4*x, u - 12 = -2*x - 3. Suppose -u*q + 19 + 71 = 0. Calculate the greatest common divisor of 36 and q.
18
Let o(d) = -d**2 + 9*d + 10. Let z be o(7). Suppose 0 = c - 5*c + z. Let f(w) = 3*w**2 + 7*w + 4. Let q be f(-4). What is the greatest common factor of q and c?
6
Suppose 2*x - 12 = -2*y - 2*x, 3*y - 7 = 5*x. Calculate the greatest common divisor of y and 2.
2
Let u(r) = 2*r - 5. Let p be u(8). Suppose -2*s + 4*z = -194, -494 + 2 = -5*s + 3*z. What is the greatest common factor of p and s?
11
Let i be ((-24)/10)/(15/(-100)). What is the highest common divisor of 176 and i?
16
Suppose 0*q + 4*q = 60. What is the highest common divisor of 120 and q?
15
Suppose -4*b + 3 = 5*i - 83, 0 = -b - 2*i + 20. Su